er when 3 is divided by r.
1
Let u be 10 + (1 - (2 - -2)). Calculate the remainder when 89/u - (-6)/21 is divided by (-28)/(-7) - -3*1.
6
Let a(p) = -p**2 + 17*p + 5. Suppose -18 = -10*w + 7*w. What is the remainder when w is divided by a(17)?
1
Let v = -6 + 8. Suppose -436 = -v*z - 2*z. Calculate the remainder when z is divided by 11.
10
Suppose 0 = -37*a + 36*a - 2*i - 4, a = -4*i - 12. Calculate the remainder when 13 is divided by a.
1
Suppose -3*l = -4*z + 88, -87 = -5*z + 5*l - 7*l. What is the remainder when 74 is divided by z?
17
Let d(c) = 11*c - 41. Let g be d(11). Let k = g - 38. Let n = 22 - 0. What is the remainder when k is divided by n?
20
Let v(g) = -4*g + 11. Let i be (-5 - -6)/(1/(-9)). Suppose 4*k + 5*f = 64, 32 = -2*k + 4*k + 5*f. What is the remainder when v(i) is divided by k?
15
Let k(a) = a + 5. Let s be k(-3). Let n be 1*-4 - (s - 21). Let l = -8 + n. Calculate the remainder when 22 is divided by l.
1
Let o = -92 + 107. What is the remainder when 102 is divided by o?
12
Let g(k) = -k**2 + 20*k - 68. What is the remainder when 1679 is divided by g(8)?
27
Let d = 938 + -934. Suppose -r - 5 = 3*c, 2*r - 7*r + 5*c - 25 = 0. Let q(w) = -w**3 - 4*w**2 + 2*w - 1. What is the remainder when q(r) is divided by d?
2
Let r be (6/(-12))/(1/(-6)). Suppose 4*u - 11 = -r. Suppose -u*b = -4*p - 2, 0*b + 5 = 5*b - 4*p. What is the remainder when 2 is divided by b?
0
Let t(i) = i**3 + i**2 - i + 59. Suppose 89*v = 91*v. Calculate the remainder when t(v) is divided by 30.
29
Suppose 30 = -y + 5*t, -65 = 5*y + 5*t + 25. Let h = 25 + y. Suppose v + 2*v - 159 = -3*b, 3*v + h*b - 161 = 0. What is the remainder when v is divided by 27?
25
Let m = -556 + 675. What is the remainder when m is divided by 24?
23
Let g(x) = 7 + 6*x**2 - 3 + x**2 + 3*x**2 + 6*x. Let a be g(-4). Let l = a + -77. What is the remainder when l is divided by 13?
11
Let w = 166 + -83. What is the remainder when w is divided by 43?
40
Suppose -3*b - 12 + 9 = 0. Calculate the remainder when 0 + 141 + (b - 3) is divided by 46.
45
Suppose 178 = 3*j - 2*r, -4*r + 108 = 5*j - 3*j. Suppose -5 = -3*b + j. What is the remainder when 59 is divided by b?
17
Suppose 1115 = 7*s - 2*s. Suppose -5*m + 4*n = 81 - s, 2*n - 94 = -3*m. Let f = m - -2. What is the remainder when f is divided by 12?
8
Let q(n) = -n - 6. Let v be q(-11). Suppose -2*t - g = -93, 2*t = v*t + 2*g - 142. Suppose t + 18 = 2*f. Calculate the remainder when f is divided by 17.
14
Let x = -14 - -17. Suppose -2*t - x*s = 2*t - 128, 12 = -3*s. What is the remainder when 68 is divided by t?
33
Let h = 1147 - 1042. Calculate the remainder when h is divided by 57.
48
Suppose 5*y - 448 = 442. Calculate the remainder when y is divided by 13.
9
Suppose 223 - 188 = 7*g. Suppose -4*d = d - 80. Suppose -d = -3*o + o. Calculate the remainder when o is divided by g.
3
Let p be 4/(-18) + (-116)/(-36). Suppose 3 = -2*y + p*y. Suppose -12 = -q - 2*q, -4*w + y*q = -152. What is the remainder when w is divided by 11?
8
Let k = 1464 - 1453. Calculate the remainder when 82 is divided by k.
5
Let n = -776 - -780. Let u(b) = -20*b + 8. Let o(x) = -5*x + 2. Let v(d) = 22*o(d) - 6*u(d). What is the remainder when 142 is divided by v(n)?
34
Let x(f) = -46*f - 5. Calculate the remainder when x(-5) is divided by 60.
45
Suppose -5*s - 100 = 4*u, 4*s = -4*u - 50 - 50. Let g = -15 - u. Suppose 13*d + 3619 - 4100 = 0. What is the remainder when d is divided by g?
7
Suppose 4*p - 97 = -n + p, -n - 2*p + 95 = 0. What is the remainder when n is divided by 47 + ((-8)/(-1) - 4 - 3)?
43
Let h(o) = -o**2 - 14*o + 15. Let m = -14 + -1. Let t be h(m). Suppose 0 = -i - 2*g + 13, t = -i - i + 3*g + 5. Calculate the remainder when 14 is divided by i.
0
Let w = -3 + 4. What is the remainder when (w + -3)/(-2)*13 is divided by 8?
5
Suppose c = -2*v + 5, 13 = 2*v + 3*v + 3*c. Let x = -14 - -16. Suppose -4*s = -x*j - 76, -3*s - 4*j + 57 = -v*j. Calculate the remainder when s is divided by 7.
5
Let w = 22 - 17. Suppose 3*l + 87 = 2*g - 0*l, w*g - 5*l - 210 = 0. Calculate the remainder when 116 is divided by g.
38
Let k(a) = -a**3 - 43*a**2 - 47*a - 139. Calculate the remainder when k(-42) is divided by 37/1 - 0/(-2).
34
Calculate the remainder when 106 is divided by 7 - 12*-3*27/18.
45
Let o(g) = 3*g - 3 + 7*g**2 - 5*g**2 + 2. What is the remainder when 77 is divided by o(3)?
25
Suppose 7*d - 3*d = -3*h - 12, h + 4 = 3*d. Let p(c) = -11*c - 1. Calculate the remainder when p(h) is divided by 31 - 25 - (2 - 1)*-3.
7
Suppose 2*c + 49 = 5*y - 2*c, 4*y - c - 37 = 0. Suppose -n + 159 = 2*h + 87, 3*h + 4*n - 113 = 0. Calculate the remainder when h is divided by y.
8
Let y(w) = 3*w - 32. Let r be y(18). Suppose 9 = -i + r. Suppose -4*b + 60 + 84 = 0. What is the remainder when b is divided by i?
10
Let j = -4 - -6. Let u be (-9)/(6*j/(-560)). Suppose -u = -4*d - d - s, -5*s = -5*d + 390. What is the remainder when d is divided by 17?
15
Let c be (2 + (-56)/20)*(-15)/2. Suppose x - 4027 = -5*a + 1454, 3 = 3*x. Suppose a = 2*b + c*b. Calculate the remainder when b is divided by 28.
25
Let v(b) = -37*b - 351. What is the remainder when v(-11) is divided by 12?
8
Let x = 43 - 27. Suppose -8*a = -x*a + 88. Calculate the remainder when 18 is divided by a.
7
Let l(y) = -y**3 - y**2 - 3*y - 4. Let w be 2/(2 + -4)*(-2 - -4). Suppose 4*n - 43 - 41 = 0. What is the remainder when n is divided by l(w)?
3
Let q be (2*3/(-9))/((-2)/(-3)). Let v = -3 + -4. Let d = q - v. Calculate the remainder when d is divided by 4.
2
Let x(g) = -g**3 + 14*g**2 + g + 1. Suppose -3*m + 2*m = -4*k - 105, 3*m + 10 = -k. Let c be (14/5)/((-5)/k). What is the remainder when 28 is divided by x(c)?
13
What is the remainder when ((-93670)/85)/((1 + -3)*1) is divided by 8?
7
Calculate the remainder when 261 is divided by (-54)/126 + 164/7 + 1.
21
Let m be (-35 - 1)*(-12)/(-18). Let q(y) = -36*y - 1. Let d be q(1). Let s = m - d. What is the remainder when s is divided by 6?
1
Let q = 1045 + -1008. Calculate the remainder when 325 is divided by q.
29
Let r(k) = 6*k + 2. Let b(f) = 14*f + 646. What is the remainder when r(3) is divided by b(-46)?
0
Suppose -3*f + f = -2. Calculate the remainder when 71 is divided by 34/119 - f*346/(-14).
21
Let g = -118 - -130. Calculate the remainder when 71 is divided by g.
11
Let g(k) be the first derivative of 5*k**2/2 - 59*k + 9. Calculate the remainder when g(24) is divided by 13.
9
Suppose 21*y - 64 = 2498. Calculate the remainder when y is divided by 45.
32
What is the remainder when -2 - ((0 - 0) + -111) is divided by -1*(0 - -1) + (44 - 15)?
25
Let r(b) = 2*b**3 - 31*b**2 + 19*b + 3. What is the remainder when 186 is divided by r(15)?
60
Let m be (-6 - -7 - (0 + 5)) + 29. Let b(t) = t + 20. What is the remainder when 177 is divided by b(m)?
42
Suppose -11 = -10*x + 9. What is the remainder when 2 is divided by x?
0
Suppose z = -4*u + 9 + 52, -2*u = 3*z - 43. Suppose -u = -10*k + 9*k. What is the remainder when 22 is divided by k?
8
Let z(g) be the second derivative of -g**4/12 - 7*g**3/3 + 3*g**2 + 16*g. What is the remainder when 74 is divided by z(-13)?
17
Let y = -13 - -13. Suppose z - 49 + 17 = y. What is the remainder when 5/((-5 + 2)/(-75)) is divided by z?
29
Let v(w) = w**2 + 23*w + 2. Let h be v(-23). What is the remainder when 63 is divided by (-10)/(-5)*34/h - 2?
31
Calculate the remainder when 44530/110 + (-6)/(-33) is divided by 11.
9
Let k be (0 - -2) + 0/(-3). Let q(m) = 4*m**2 + 2*m - 3. Suppose -2*b - 7 = -5*o + 20, 0 = 5*o + 5*b - 20. What is the remainder when q(k) is divided by o?
2
Suppose -8*b + 4*b + 4*u + 756 = 0, -724 = -4*b - 4*u. Calculate the remainder when b is divided by 16.
9
Suppose 4*n - 9 = 5*k + 71, -n + 5*k + 35 = 0. Calculate the remainder when 41*(-2)/(0 - 2) is divided by n.
11
Suppose 1667*j - 1671*j + 72 = 0. Suppose -2*u + 138 = -0*u. What is the remainder when u is divided by j?
15
What is the remainder when (15/(-10))/((-9)/6)*39 is divided by 27?
12
Let m = 1355 - 1344. Calculate the remainder when 146 is divided by m.
3
Suppose -50*v + 4550 = -15*v. What is the remainder when v is divided by 15?
10
Suppose 3*p = 4*d - 67 - 121, 3*d + 4*p - 141 = 0. Let b be ((-2)/(-3))/((-3)/(-477)). Let x = b - d. Calculate the remainde